{"id":70,"date":"2023-01-04T18:42:43","date_gmt":"2023-01-04T17:42:43","guid":{"rendered":"http:\/\/tennis-saint-maurice.fr\/?page_id=70"},"modified":"2023-09-04T10:56:54","modified_gmt":"2023-09-04T08:56:54","slug":"tarifs","status":"publish","type":"page","link":"https:\/\/tennis-saint-maurice.fr\/?page_id=70","title":{"rendered":"Tarifs 2023\/2024"},"content":{"rendered":"\n<p style=\"font-style:normal;font-weight:700\"><strong>Tarifs pour la saison sportive 2023\/202<\/strong>4<\/p>\n\n\n\n<p>Tous nos tarifs comportent les frais de prise de licence aupr\u00e8s de la F\u00e9d\u00e9ration Fran\u00e7aise de\u00a0Tennis\u00a0(FFT).<br>Pour tout conna\u00eetre sur les diff\u00e9rents types d\u2019inscription, n\u2019h\u00e9sitez pas \u00e0 consulter la rubrique Inscriptions.<\/p>\n\n\n\n<p style=\"font-style:normal;font-weight:700\"><strong>Formule ENTRAINEMENT (*), licence comprise<\/strong><\/p>\n\n\n<div class=\"wp-block-image\">\n<figure class=\"aligncenter size-large is-resized\"><img loading=\"lazy\" decoding=\"async\" src=\"https:\/\/tennis-saint-maurice.fr\/wp-content\/uploads\/2023\/09\/image-1024x235.png\" alt=\"\" class=\"wp-image-787\" style=\"width:618px;height:142px\" width=\"618\" height=\"142\" srcset=\"https:\/\/tennis-saint-maurice.fr\/wp-content\/uploads\/2023\/09\/image-1024x235.png 1024w, https:\/\/tennis-saint-maurice.fr\/wp-content\/uploads\/2023\/09\/image-300x69.png 300w, https:\/\/tennis-saint-maurice.fr\/wp-content\/uploads\/2023\/09\/image-768x176.png 768w, https:\/\/tennis-saint-maurice.fr\/wp-content\/uploads\/2023\/09\/image.png 1248w\" sizes=\"auto, (max-width: 618px) 100vw, 618px\" \/><figcaption class=\"wp-element-caption\"><em>\u00a0(*) acc\u00e8s Tennis Libre inclus<\/em><\/figcaption><\/figure>\n<\/div>\n\n\n<p style=\"font-style:normal;font-weight:700\"><strong>Formule TENNIS LIBRE, licence comprise<\/strong><\/p>\n\n\n<div class=\"wp-block-image\">\n<figure class=\"aligncenter size-large is-resized\"><img loading=\"lazy\" decoding=\"async\" src=\"https:\/\/tennis-saint-maurice.fr\/wp-content\/uploads\/2023\/09\/image-1-1024x219.png\" alt=\"\" class=\"wp-image-789\" style=\"width:615px;height:132px\" width=\"615\" height=\"132\" srcset=\"https:\/\/tennis-saint-maurice.fr\/wp-content\/uploads\/2023\/09\/image-1-1024x219.png 1024w, https:\/\/tennis-saint-maurice.fr\/wp-content\/uploads\/2023\/09\/image-1-300x64.png 300w, https:\/\/tennis-saint-maurice.fr\/wp-content\/uploads\/2023\/09\/image-1-768x164.png 768w, https:\/\/tennis-saint-maurice.fr\/wp-content\/uploads\/2023\/09\/image-1.png 1244w\" sizes=\"auto, (max-width: 615px) 100vw, 615px\" \/><\/figure>\n<\/div>","protected":false},"excerpt":{"rendered":"<p>Tarifs pour la saison sportive 2023\/2024 Tous nos tarifs comportent les frais de prise de [&hellip;]<\/p>\n","protected":false},"author":1,"featured_media":0,"parent":0,"menu_order":0,"comment_status":"closed","ping_status":"closed","template":"","meta":{"footnotes":""},"class_list":["post-70","page","type-page","status-publish","hentry"],"_links":{"self":[{"href":"https:\/\/tennis-saint-maurice.fr\/index.php?rest_route=\/wp\/v2\/pages\/70","targetHints":{"allow":["GET"]}}],"collection":[{"href":"https:\/\/tennis-saint-maurice.fr\/index.php?rest_route=\/wp\/v2\/pages"}],"about":[{"href":"https:\/\/tennis-saint-maurice.fr\/index.php?rest_route=\/wp\/v2\/types\/page"}],"author":[{"embeddable":true,"href":"https:\/\/tennis-saint-maurice.fr\/index.php?rest_route=\/wp\/v2\/users\/1"}],"replies":[{"embeddable":true,"href":"https:\/\/tennis-saint-maurice.fr\/index.php?rest_route=%2Fwp%2Fv2%2Fcomments&post=70"}],"version-history":[{"count":8,"href":"https:\/\/tennis-saint-maurice.fr\/index.php?rest_route=\/wp\/v2\/pages\/70\/revisions"}],"predecessor-version":[{"id":790,"href":"https:\/\/tennis-saint-maurice.fr\/index.php?rest_route=\/wp\/v2\/pages\/70\/revisions\/790"}],"wp:attachment":[{"href":"https:\/\/tennis-saint-maurice.fr\/index.php?rest_route=%2Fwp%2Fv2%2Fmedia&parent=70"}],"curies":[{"name":"wp","href":"https:\/\/api.w.org\/{rel}","templated":true}]}}